{"id":309267,"date":"2019-09-29T14:07:40","date_gmt":"2019-09-29T14:07:40","guid":{"rendered":"https:\/\/www.doclisboa.org\/2019\/?page_id=309267"},"modified":"2019-09-29T14:07:40","modified_gmt":"2019-09-29T14:07:40","slug":"consultoria","status":"publish","type":"page","link":"https:\/\/www.doclisboa.org\/2019\/nebulae\/consultoria\/","title":{"rendered":"Consultoria"},"content":{"rendered":"<p>O Doclisboa preocupa-se com o futuro dos filmes e dos projectos que apresenta. Oferecemos momentos para o encontro de cineastas e produtores com especialistas de mercado, que podem aconselh\u00e1-los sobre festivais e estrat\u00e9gias de distribui\u00e7\u00e3o. <\/p>\n<h3>Consultoras<\/h3>\n<p><strong>Madeleine Molyneaux<\/strong><br \/>\nMadeleine Molyneaux \u00e9 produtora criativa e curadora, vivendo em Nova Iorque e Los Angeles. A sua produtora, Picture Palace Pictures, fundada em 2004, trabalha de perto com artistas visuais, m\u00fasicos e cineastas internacionais emergentes e consagrados, para desenvolver, produzir e representar filmes e trabalhos h\u00edbridos com imagem em movimento, dif\u00edceis de categorizar. Actualmente, desenvolve uma longa-metragem baseada na vida do poeta Charles Bukowski. <\/p>\n<p><strong>Mar\u00eda Vera<\/strong><br \/>\nProdutora, distribuidora em festivais e agente comercial argentina. Fundadora da Kino Rebelde, companhia orientada para a distribui\u00e7\u00e3o criativa de n\u00e3o- fic\u00e7\u00e3o e narrativas h\u00edbridas. Os seus filmes foram seleccionados e premiados em festivais como Berlinale, Festival Internacional de Cinema de Roterd\u00e3o, Visions du R\u00e9el, Hotdocs, Doclisboa, Mar del Plata e Viennale. Realizou filmes, produziu conte\u00fados sociopol\u00edticos e de direitos humanos e fez curadoria de cinema. <\/p>\n","protected":false},"excerpt":{"rendered":"<p>O Doclisboa preocupa-se com o futuro dos filmes e dos projectos que apresenta. Oferecemos momentos para o encontro de cineastas e produtores com especialistas de mercado, que podem aconselh\u00e1-los sobre festivais e estrat\u00e9gias de distribui\u00e7\u00e3o. Consultoras Madeleine Molyneaux Madeleine Molyneaux \u00e9 produtora criativa e curadora, vivendo em Nova Iorque e Los Angeles. A sua produtora, <a href=\"https:\/\/www.doclisboa.org\/2019\/nebulae\/consultoria\/\" class=\"more-link\">&#8230;<\/a><\/p>\n","protected":false},"author":1,"featured_media":0,"parent":5895,"menu_order":7,"comment_status":"closed","ping_status":"closed","template":"page-texto.php","meta":{"_exactmetrics_skip_tracking":false,"_exactmetrics_sitenote_active":false,"_exactmetrics_sitenote_note":"","_exactmetrics_sitenote_category":0,"footnotes":""},"_links":{"self":[{"href":"https:\/\/www.doclisboa.org\/2019\/wp-json\/wp\/v2\/pages\/309267"}],"collection":[{"href":"https:\/\/www.doclisboa.org\/2019\/wp-json\/wp\/v2\/pages"}],"about":[{"href":"https:\/\/www.doclisboa.org\/2019\/wp-json\/wp\/v2\/types\/page"}],"author":[{"embeddable":true,"href":"https:\/\/www.doclisboa.org\/2019\/wp-json\/wp\/v2\/users\/1"}],"replies":[{"embeddable":true,"href":"https:\/\/www.doclisboa.org\/2019\/wp-json\/wp\/v2\/comments?post=309267"}],"version-history":[{"count":0,"href":"https:\/\/www.doclisboa.org\/2019\/wp-json\/wp\/v2\/pages\/309267\/revisions"}],"up":[{"embeddable":true,"href":"https:\/\/www.doclisboa.org\/2019\/wp-json\/wp\/v2\/pages\/5895"}],"wp:attachment":[{"href":"https:\/\/www.doclisboa.org\/2019\/wp-json\/wp\/v2\/media?parent=309267"}],"curies":[{"name":"wp","href":"https:\/\/api.w.org\/{rel}","templated":true}]}}