{"id":309263,"date":"2019-09-29T14:03:55","date_gmt":"2019-09-29T14:03:55","guid":{"rendered":"https:\/\/www.doclisboa.org\/2019\/?page_id=309263"},"modified":"2019-10-14T14:46:54","modified_gmt":"2019-10-14T13:46:54","slug":"pais-convidado","status":"publish","type":"page","link":"https:\/\/www.doclisboa.org\/2019\/nebulae\/pais-convidado\/","title":{"rendered":"Pa\u00eds Convidado"},"content":{"rendered":"<p>Cada edi\u00e7\u00e3o do Nebulae ter\u00e1 um pa\u00eds convidado, assim como os seus profissionais de cinema. Em 2019, o festival d\u00e1 as boas-vindas \u00e0 Alemanha com uma sess\u00e3o para os produtores alem\u00e3es e uma apresenta\u00e7\u00e3o de fundos regionais alem\u00e3es.<\/p>\n<h3>Sess\u00e3o p\u00fablica de pitching<\/h3>\n<p>Sess\u00e3o dedicada \u00e0 apresenta\u00e7\u00e3o de projectos cinematogr\u00e1ficos em desenvolvimento de produtores ou realizadores alem\u00e3es em busca de co- produ\u00e7\u00f5es. Assistir a estas sess\u00f5es \u00e9 uma forma privilegiada de conhecer o funcionamento actual do mercado internacional e poss\u00edveis formas de financiamento, co-produ\u00e7\u00e3o e difus\u00e3o.<\/p>\n<p><strong>Projectos Seleccionados<br \/>\n<\/strong>&#8211; <a href=\"https:\/\/www.doclisboa.org\/2019\/wp-content\/uploads\/NEBULAE-_-Projects-Dossier_Invited-Country-_-Germany-5-7.pdf\" target=\"_blank\" rel=\"noopener\"><em>A Border Within<\/em><\/a>, de Reinaldo Pinto Almeida<br \/>\nProdu\u00e7\u00e3o: Kyra Jungck, LIMINOID Productions GmbH (Alemanha)<\/p>\n<p>&#8211; <a href=\"https:\/\/www.doclisboa.org\/2019\/wp-content\/uploads\/NEBULAE-_-Projects-Dossier_Invited-Country-_-Germany-8-10.pdf\" target=\"_blank\" rel=\"noopener\"><em>Embodied Chorus<\/em><\/a>, de Danielle Davie e Mohamed Sabbah<br \/>\nProdu\u00e7\u00e3o: <span style=\"font-weight: 400;\">Julia Wagner, HEARTWAKE films GmbH (Alemanha) \/ Yara Abi Nader, Madama le tapis S.A.L. (L\u00edbano)<\/span><\/p>\n<p>&#8211; <a href=\"https:\/\/www.doclisboa.org\/2019\/wp-content\/uploads\/NEBULAE-_-Projects-Dossier_Invited-Country-_-Germany-11-12.pdf\" target=\"_blank\" rel=\"noopener\"><em>Rent An Actor<\/em><\/a>, de Katarina Schr\u00f6ters \/ F\u00fcnferfilm, Alemanha<br \/>\nProdu\u00e7\u00e3o: <span style=\"font-weight: 400;\">Julia C\u00f6llen, F\u00fcnferfilm (Alemanha) \/ Ivan Madeo, Stefan Eichenberger, Contrast Film (Su\u00ed\u00e7a)<\/span><\/p>\n<p>&#8211; <a href=\"https:\/\/www.doclisboa.org\/2019\/wp-content\/uploads\/NEBULAE-_-Projects-Dossier_Invited-Country-_-Germany-13-15.pdf\" target=\"_blank\" rel=\"noopener\"><em>Where is my mind?<\/em><\/a>, de Imke Hansen e Can Mansuroglu<br \/>\nProdu\u00e7\u00e3o: Dirk Manthey, Dirk Manthey Film UG (Alemanha)<\/p>\n<p>22 OUT \/ 11.00 &#8211; 13.00, Culturgest \u2013 Peq. Audit\u00f3rio<\/p>\n<p>Sess\u00e3o conduzida em ingl\u00eas, sem tradu\u00e7\u00e3o<br \/>\nEntrada livre para portadores de acredita\u00e7\u00e3o, limitada aos lugares dispon\u00edveis<\/p>\n<p>Consulte o dossier completo <a href=\"https:\/\/www.doclisboa.org\/2019\/wp-content\/uploads\/NEBULAE-_-Projects-Dossier_Invited-Country-_-Germany.pdf\" target=\"_blank\" rel=\"noopener\">AQUI<\/a><\/p>\n","protected":false},"excerpt":{"rendered":"<p>Cada edi\u00e7\u00e3o do Nebulae ter\u00e1 um pa\u00eds convidado, assim como os seus profissionais de cinema. Em 2019, o festival d\u00e1 as boas-vindas \u00e0 Alemanha com uma sess\u00e3o para os produtores alem\u00e3es e uma apresenta\u00e7\u00e3o de fundos regionais alem\u00e3es. Sess\u00e3o p\u00fablica de pitching Sess\u00e3o dedicada \u00e0 apresenta\u00e7\u00e3o de projectos cinematogr\u00e1ficos em desenvolvimento de produtores ou realizadores <a href=\"https:\/\/www.doclisboa.org\/2019\/nebulae\/pais-convidado\/\" class=\"more-link\">&#8230;<\/a><\/p>\n","protected":false},"author":1,"featured_media":0,"parent":5895,"menu_order":6,"comment_status":"closed","ping_status":"closed","template":"page-texto.php","meta":{"_exactmetrics_skip_tracking":false,"_exactmetrics_sitenote_active":false,"_exactmetrics_sitenote_note":"","_exactmetrics_sitenote_category":0,"footnotes":""},"_links":{"self":[{"href":"https:\/\/www.doclisboa.org\/2019\/wp-json\/wp\/v2\/pages\/309263"}],"collection":[{"href":"https:\/\/www.doclisboa.org\/2019\/wp-json\/wp\/v2\/pages"}],"about":[{"href":"https:\/\/www.doclisboa.org\/2019\/wp-json\/wp\/v2\/types\/page"}],"author":[{"embeddable":true,"href":"https:\/\/www.doclisboa.org\/2019\/wp-json\/wp\/v2\/users\/1"}],"replies":[{"embeddable":true,"href":"https:\/\/www.doclisboa.org\/2019\/wp-json\/wp\/v2\/comments?post=309263"}],"version-history":[{"count":0,"href":"https:\/\/www.doclisboa.org\/2019\/wp-json\/wp\/v2\/pages\/309263\/revisions"}],"up":[{"embeddable":true,"href":"https:\/\/www.doclisboa.org\/2019\/wp-json\/wp\/v2\/pages\/5895"}],"wp:attachment":[{"href":"https:\/\/www.doclisboa.org\/2019\/wp-json\/wp\/v2\/media?parent=309263"}],"curies":[{"name":"wp","href":"https:\/\/api.w.org\/{rel}","templated":true}]}}