{"id":309253,"date":"2019-09-29T13:56:54","date_gmt":"2019-09-29T13:56:54","guid":{"rendered":"https:\/\/www.doclisboa.org\/2019\/?page_id=309253"},"modified":"2019-10-01T15:57:05","modified_gmt":"2019-10-01T15:57:05","slug":"estado-da-arte","status":"publish","type":"page","link":"https:\/\/www.doclisboa.org\/2019\/nebulae\/estado-da-arte\/","title":{"rendered":"Estado da Arte"},"content":{"rendered":"<p>Em cada edi\u00e7\u00e3o, um t\u00f3pico da ind\u00fastria ser\u00e1 debatido e analisado em conjunto com profissionais da \u00e1rea. Em 2019, em colabora\u00e7\u00e3o com os Centros de Informa\u00e7\u00e3o Europa Criativa, o tema ser\u00e1 a distribui\u00e7\u00e3o de filmes em contextos educativos. Uma tarde com oradores, discuss\u00f5es e trabalho de grupo, com a inten\u00e7\u00e3o de contribuir para uma discuss\u00e3o mais ampla sobre o mercado europeu de filmes em contextos educativos.<\/p>\n<h3>Ir \u00e0 escola: como podem os document\u00e1rios alcan\u00e7ar o mercado educativo?<\/h3>\n<p>Confer\u00eancia e debate sobre boas pr\u00e1ticas da distribui\u00e7\u00e3o no mercado educacional, com foco no g\u00e9nero document\u00e1rio. A sess\u00e3o inclui alguns dos melhores exemplos de modelos de aproxima\u00e7\u00e3o ao mercado escolar na Europa, aos quais se juntam excertos de um filme \u201ccaso de estudo\u201d e uma apresenta\u00e7\u00e3o do modelo do Projecto Educativo da Apordoc \u2013 Associa\u00e7\u00e3o pelo Document\u00e1rio. Apresentada pelos Centros de Informa\u00e7\u00e3o Europa Criativa MEDIA de Portugal, Alemanha, Dinamarca, Noruega e Cro\u00e1cia, junta convidados portugueses e internacionais, em franca partilha de experi\u00eancias e conhecimento.<\/p>\n<p><strong>Excertos do filme<\/strong><br \/>\n<em>Srbenka<\/em>, de Neboj\u0161a Slijep\u010devi\u0107 | 2018 | Cro\u00e1cia | 72\u2019<\/p>\n<p>19 OUT \/ das 15.00 \u00e0s 18.00, Culturgest \u2013 F\u00f3rum Debates<\/p>\n<p>Sess\u00e3o conduzida em ingl\u00eas, sem tradu\u00e7\u00e3o<br \/>\nEntrada livre, limitada aos lugares dispon\u00edveis<\/p>\n<h3>Oradores<\/h3>\n<p><strong>Ana Eliseu, Formadora no programa CineEd<\/strong><br \/>\nOs Filhos de Lumi\u00e9re (Portugal) Associa\u00e7\u00e3o cultural vocacionada para a sensibiliza\u00e7\u00e3o ao cinema enquanto forma de express\u00e3o art\u00edstica. Criada no ano 2000 por um grupo de cineastas e amantes de cinema, no \u00e2mbito da Porto 2001 \u2013 Capital Europeia da Cultura, a nossa associa\u00e7\u00e3o concebe, organiza e orienta actividades que visam levar crian\u00e7as e adolescentes nelas envolvidos a apreciar, compreender e criticar as obras que resultam da pr\u00e1tica da arte cinematogr\u00e1fica.<\/p>\n<p><strong>Gudrun Sommer, Directora dos festivais de cinema Duisburger Filmwoche e doxs!<\/strong><br \/>\nDuisburger Filmwoche (Alemanha) Um festival consolidado de document\u00e1rios da \u00c1ustria, Alemanha e Su\u00ed\u00e7a. Em 2002, surgiu o doxs!, document\u00e1rios para crian\u00e7as e jovens, uma sec\u00e7\u00e3o para p\u00fablicos jovens. Entretanto, o doxs! gere um festival internacional com inscri\u00e7\u00f5es de toda a Europa, que tem lugar em sete cidades na \u00e1rea de Ruhr e um programa educativo para escolas ao longo de todo o ano.<\/p>\n<p><strong>Martin Schantz Faurholt, Editor de educa\u00e7\u00e3o para o cinema<\/strong><br \/>\nFilmcentralen (Dinamarca) S\u00edtio de transmiss\u00e3o do Instituto de Cinema da Dinamarca com distribui\u00e7\u00e3o em linha de curtas-metragens de fic\u00e7\u00e3o e documentais. O sector de educa\u00e7\u00e3o promove o uso de curtas-metragens e document\u00e1rios em todos os graus de ensino e possui mais de 550 materiais pedag\u00f3gicos em linha.<\/p>\n<p><strong>Oliver Serti\u0107, Produtor e Editor da Restart Label Producer<\/strong><br \/>\nRestart (Cro\u00e1cia) Estrutura centrada na produ\u00e7\u00e3o, educa\u00e7\u00e3o, distribui\u00e7\u00e3o e exibi\u00e7\u00e3o de document\u00e1rios de cria\u00e7\u00e3o. Os seus filmes foram exibidos em festivais de cinema como Toronto (Canad\u00e1), Locarno (Su\u00ed\u00e7a), Karlovy Vary (Rep\u00fablica Checa), Roterd\u00e3o (Holanda), FIDMarseille (Fran\u00e7a), DOK Leipzig (Alemanha) e Visions du R\u00e9el (Su\u00ed\u00e7a), entre outros. A Restart tem v\u00e1rios projectos cinematogr\u00e1ficos, incluindo um programa educativo sobre document\u00e1rio.<\/p>\n<p><strong>Tone Gr\u00f8ttjord, Produtora e presidente executiva<\/strong><br \/>\nSant &amp; Usant (Noruega) Produtora de document\u00e1rios sedeada em Oslo, desenvolveu um novo m\u00e9todo de aprendizagem em linha que tem no cerne o uso do document\u00e1rio de cria\u00e7\u00e3o: contagem de hist\u00f3rias educativa. Visando chegar a novos mercados para document\u00e1rios de cria\u00e7\u00e3o dentro do sistema educativo, a contagem de hist\u00f3rias educativa destina-se a pedagogos (professores) e estudantes universit\u00e1rios.<\/p>\n<h3>Modera\u00e7\u00e3o<\/h3>\n<p><strong>Susana Costa Pereira<\/strong><br \/>\n(respons\u00e1vel pelo Centro de Informa\u00e7\u00e3o Europa Criativa MEDIA Portugal)<\/p>\n<p><strong>C\u00edntia Gil<\/strong><br \/>\n(directora do Doclisboa)<\/p>\n","protected":false},"excerpt":{"rendered":"<p>Em cada edi\u00e7\u00e3o, um t\u00f3pico da ind\u00fastria ser\u00e1 debatido e analisado em conjunto com profissionais da \u00e1rea. Em 2019, em colabora\u00e7\u00e3o com os Centros de Informa\u00e7\u00e3o Europa Criativa, o tema ser\u00e1 a distribui\u00e7\u00e3o de filmes em contextos educativos. Uma tarde com oradores, discuss\u00f5es e trabalho de grupo, com a inten\u00e7\u00e3o de contribuir para uma discuss\u00e3o <a href=\"https:\/\/www.doclisboa.org\/2019\/nebulae\/estado-da-arte\/\" class=\"more-link\">&#8230;<\/a><\/p>\n","protected":false},"author":1,"featured_media":0,"parent":5895,"menu_order":5,"comment_status":"closed","ping_status":"closed","template":"page-texto.php","meta":{"_exactmetrics_skip_tracking":false,"_exactmetrics_sitenote_active":false,"_exactmetrics_sitenote_note":"","_exactmetrics_sitenote_category":0,"footnotes":""},"_links":{"self":[{"href":"https:\/\/www.doclisboa.org\/2019\/wp-json\/wp\/v2\/pages\/309253"}],"collection":[{"href":"https:\/\/www.doclisboa.org\/2019\/wp-json\/wp\/v2\/pages"}],"about":[{"href":"https:\/\/www.doclisboa.org\/2019\/wp-json\/wp\/v2\/types\/page"}],"author":[{"embeddable":true,"href":"https:\/\/www.doclisboa.org\/2019\/wp-json\/wp\/v2\/users\/1"}],"replies":[{"embeddable":true,"href":"https:\/\/www.doclisboa.org\/2019\/wp-json\/wp\/v2\/comments?post=309253"}],"version-history":[{"count":0,"href":"https:\/\/www.doclisboa.org\/2019\/wp-json\/wp\/v2\/pages\/309253\/revisions"}],"up":[{"embeddable":true,"href":"https:\/\/www.doclisboa.org\/2019\/wp-json\/wp\/v2\/pages\/5895"}],"wp:attachment":[{"href":"https:\/\/www.doclisboa.org\/2019\/wp-json\/wp\/v2\/media?parent=309253"}],"curies":[{"name":"wp","href":"https:\/\/api.w.org\/{rel}","templated":true}]}}