{"id":309235,"date":"2019-09-29T13:42:15","date_gmt":"2019-09-29T13:42:15","guid":{"rendered":"https:\/\/www.doclisboa.org\/2019\/?page_id=309235"},"modified":"2019-10-08T11:41:33","modified_gmt":"2019-10-08T11:41:33","slug":"apresentacao","status":"publish","type":"page","link":"https:\/\/www.doclisboa.org\/2019\/nebulae\/apresentacao\/","title":{"rendered":"Apresenta\u00e7\u00e3o"},"content":{"rendered":"<p>Nebulae \u00e9 o novo espa\u00e7o de networking no Doclisboa. \u00c9 constitu\u00eddo por um grupo de actividades, encontros, oportunidades e pessoas dedicadas ao desenvolvimento da cria\u00e7\u00e3o, produ\u00e7\u00e3o e divulga\u00e7\u00e3o do cinema independente.<\/p>\n<p><strong>N\u00e9bula<\/strong> \u2013 nuvem difusa de p\u00f3 e\/ou g\u00e1s interestelar, vis\u00edvel enquanto mancha luminosa ou zona de escurid\u00e3o, dependendo da forma como a massa absorve ou reflecte a luz que incide sobre ela ou emite a sua pr\u00f3pria luz. Algumas n\u00e9bulas resultam do g\u00e1s e p\u00f3 libertados pela explos\u00e3o de uma estrela moribunda. Outras s\u00e3o regi\u00f5es onde se est\u00e3o a come\u00e7ar a formar novas estrelas.<\/p>\n","protected":false},"excerpt":{"rendered":"<p>Nebulae \u00e9 o novo espa\u00e7o de networking no Doclisboa. \u00c9 constitu\u00eddo por um grupo de actividades, encontros, oportunidades e pessoas dedicadas ao desenvolvimento da cria\u00e7\u00e3o, produ\u00e7\u00e3o e divulga\u00e7\u00e3o do cinema independente. N\u00e9bula \u2013 nuvem difusa de p\u00f3 e\/ou g\u00e1s interestelar, vis\u00edvel enquanto mancha luminosa ou zona de escurid\u00e3o, dependendo da forma como a massa absorve <a href=\"https:\/\/www.doclisboa.org\/2019\/nebulae\/apresentacao\/\" class=\"more-link\">&#8230;<\/a><\/p>\n","protected":false},"author":1,"featured_media":0,"parent":5895,"menu_order":1,"comment_status":"closed","ping_status":"closed","template":"page-nebulae.php","meta":{"_exactmetrics_skip_tracking":false,"_exactmetrics_sitenote_active":false,"_exactmetrics_sitenote_note":"","_exactmetrics_sitenote_category":0,"footnotes":""},"_links":{"self":[{"href":"https:\/\/www.doclisboa.org\/2019\/wp-json\/wp\/v2\/pages\/309235"}],"collection":[{"href":"https:\/\/www.doclisboa.org\/2019\/wp-json\/wp\/v2\/pages"}],"about":[{"href":"https:\/\/www.doclisboa.org\/2019\/wp-json\/wp\/v2\/types\/page"}],"author":[{"embeddable":true,"href":"https:\/\/www.doclisboa.org\/2019\/wp-json\/wp\/v2\/users\/1"}],"replies":[{"embeddable":true,"href":"https:\/\/www.doclisboa.org\/2019\/wp-json\/wp\/v2\/comments?post=309235"}],"version-history":[{"count":0,"href":"https:\/\/www.doclisboa.org\/2019\/wp-json\/wp\/v2\/pages\/309235\/revisions"}],"up":[{"embeddable":true,"href":"https:\/\/www.doclisboa.org\/2019\/wp-json\/wp\/v2\/pages\/5895"}],"wp:attachment":[{"href":"https:\/\/www.doclisboa.org\/2019\/wp-json\/wp\/v2\/media?parent=309235"}],"curies":[{"name":"wp","href":"https:\/\/api.w.org\/{rel}","templated":true}]}}