{"id":307,"date":"2018-09-18T15:20:03","date_gmt":"2018-09-18T15:20:03","guid":{"rendered":"http:\/\/localhost\/doc1000\/?page_id=307"},"modified":"2019-10-01T23:39:07","modified_gmt":"2019-10-01T23:39:07","slug":"cinema-de-urgencia","status":"publish","type":"page","link":"https:\/\/www.doclisboa.org\/2019\/edicao-actual\/seccoes\/cinema-de-urgencia\/","title":{"rendered":"Cinema de Urg\u00eancia"},"content":{"rendered":"<p>As sess\u00f5es do Cinema de Urg\u00eancia constroem-se em torno de problemas relativamente aos quais \u00e9 urgente criar uma comunidade de debate. Apresentam-se filmes que respondem \u00e0s lacunas do exerc\u00edcio dos media, existindo atrav\u00e9s de redes sociais e outros meios, estabelecendo um ancoramento imediato com a realidade que, cada vez mais, desafia os cineastas a uma pr\u00e1tica quotidiana da cidadania.<\/p>\n","protected":false},"excerpt":{"rendered":"<p>As sess\u00f5es do Cinema de Urg\u00eancia constroem-se em torno de problemas relativamente aos quais \u00e9 urgente criar uma comunidade de debate. Apresentam-se filmes que respondem \u00e0s lacunas do exerc\u00edcio dos media, existindo atrav\u00e9s de redes sociais e outros meios, estabelecendo um ancoramento imediato com a realidade que, cada vez mais, desafia os cineastas a uma <a href=\"https:\/\/www.doclisboa.org\/2019\/edicao-actual\/seccoes\/cinema-de-urgencia\/\" class=\"more-link\">&#8230;<\/a><\/p>\n","protected":false},"author":1,"featured_media":502008,"parent":122,"menu_order":10,"comment_status":"closed","ping_status":"closed","template":"page-seccao.php","meta":{"_exactmetrics_skip_tracking":false,"_exactmetrics_sitenote_active":false,"_exactmetrics_sitenote_note":"","_exactmetrics_sitenote_category":0,"footnotes":""},"_links":{"self":[{"href":"https:\/\/www.doclisboa.org\/2019\/wp-json\/wp\/v2\/pages\/307"}],"collection":[{"href":"https:\/\/www.doclisboa.org\/2019\/wp-json\/wp\/v2\/pages"}],"about":[{"href":"https:\/\/www.doclisboa.org\/2019\/wp-json\/wp\/v2\/types\/page"}],"author":[{"embeddable":true,"href":"https:\/\/www.doclisboa.org\/2019\/wp-json\/wp\/v2\/users\/1"}],"replies":[{"embeddable":true,"href":"https:\/\/www.doclisboa.org\/2019\/wp-json\/wp\/v2\/comments?post=307"}],"version-history":[{"count":0,"href":"https:\/\/www.doclisboa.org\/2019\/wp-json\/wp\/v2\/pages\/307\/revisions"}],"up":[{"embeddable":true,"href":"https:\/\/www.doclisboa.org\/2019\/wp-json\/wp\/v2\/pages\/122"}],"wp:featuredmedia":[{"embeddable":true,"href":"https:\/\/www.doclisboa.org\/2019\/wp-json\/wp\/v2\/media\/502008"}],"wp:attachment":[{"href":"https:\/\/www.doclisboa.org\/2019\/wp-json\/wp\/v2\/media?parent=307"}],"curies":[{"name":"wp","href":"https:\/\/api.w.org\/{rel}","templated":true}]}}