{"id":200755,"date":"2019-09-26T10:01:14","date_gmt":"2019-09-26T10:01:14","guid":{"rendered":"https:\/\/www.doclisboa.org\/2019\/?page_id=200755"},"modified":"2019-09-30T17:07:19","modified_gmt":"2019-09-30T17:07:19","slug":"dois-tempos","status":"publish","type":"page","link":"https:\/\/www.doclisboa.org\/2019\/edicao-actual\/seccoes\/riscos\/dois-tempos\/","title":{"rendered":"Dois Tempos"},"content":{"rendered":"<p>Dois jovens realizadores filmam a juventude sem rodeios e de perto, em rodagens pacientes e deixando os jovens falar. As palavras, atitudes e gestos traduzem dois tempos: por um lado, o sub\u00farbio parisiense nos anos 1960, os bairros de lata, as torres de habita\u00e7\u00e3o de renda moderada, os bandidos de Nanterre, os bares; por outro lado, a juventude rebelde p\u00f3s-Charlie, que n\u00e3o dorme e se re\u00fane todas as noites em Paris, para falar, beber, sonhar, dan\u00e7ar, lutar e inventar um novo mundo.<\/p>\n","protected":false},"excerpt":{"rendered":"<p>Dois jovens realizadores filmam a juventude sem rodeios e de perto, em rodagens pacientes e deixando os jovens falar. As palavras, atitudes e gestos traduzem dois tempos: por um lado, o sub\u00farbio parisiense nos anos 1960, os bairros de lata, as torres de habita\u00e7\u00e3o de renda moderada, os bandidos de Nanterre, os bares; por outro <a href=\"https:\/\/www.doclisboa.org\/2019\/edicao-actual\/seccoes\/riscos\/dois-tempos\/\" class=\"more-link\">&#8230;<\/a><\/p>\n","protected":false},"author":1,"featured_media":0,"parent":143,"menu_order":8,"comment_status":"closed","ping_status":"closed","template":"page-seccao-sessoes.php","meta":{"_exactmetrics_skip_tracking":false,"_exactmetrics_sitenote_active":false,"_exactmetrics_sitenote_note":"","_exactmetrics_sitenote_category":0,"footnotes":""},"_links":{"self":[{"href":"https:\/\/www.doclisboa.org\/2019\/wp-json\/wp\/v2\/pages\/200755"}],"collection":[{"href":"https:\/\/www.doclisboa.org\/2019\/wp-json\/wp\/v2\/pages"}],"about":[{"href":"https:\/\/www.doclisboa.org\/2019\/wp-json\/wp\/v2\/types\/page"}],"author":[{"embeddable":true,"href":"https:\/\/www.doclisboa.org\/2019\/wp-json\/wp\/v2\/users\/1"}],"replies":[{"embeddable":true,"href":"https:\/\/www.doclisboa.org\/2019\/wp-json\/wp\/v2\/comments?post=200755"}],"version-history":[{"count":0,"href":"https:\/\/www.doclisboa.org\/2019\/wp-json\/wp\/v2\/pages\/200755\/revisions"}],"up":[{"embeddable":true,"href":"https:\/\/www.doclisboa.org\/2019\/wp-json\/wp\/v2\/pages\/143"}],"wp:attachment":[{"href":"https:\/\/www.doclisboa.org\/2019\/wp-json\/wp\/v2\/media?parent=200755"}],"curies":[{"name":"wp","href":"https:\/\/api.w.org\/{rel}","templated":true}]}}