{"id":200751,"date":"2019-09-26T10:00:18","date_gmt":"2019-09-26T10:00:18","guid":{"rendered":"https:\/\/www.doclisboa.org\/2019\/?page_id=200751"},"modified":"2019-09-26T10:39:52","modified_gmt":"2019-09-26T10:39:52","slug":"historia-natural","status":"publish","type":"page","link":"https:\/\/www.doclisboa.org\/2019\/edicao-actual\/seccoes\/riscos\/historia-natural\/","title":{"rendered":"Hist\u00f3ria Natural"},"content":{"rendered":"<p>A rela\u00e7\u00e3o entre as hist\u00f3rias humana, dos conceitos e da paisagem (e sua representa\u00e7\u00e3o) \u00e9 de continuidade, mas tamb\u00e9m de tens\u00f5es e rupturas. Em Naturales Historiae, temos o problema da representa\u00e7\u00e3o da natureza por rela\u00e7\u00e3o com diferentes momentos da hist\u00f3ria, atrav\u00e9s de imagens e de reflex\u00f5es (de Bruno Latour, Philippe Descola e Jun Wang). Depois, a no\u00e7\u00e3o de revolu\u00e7\u00e3o, mapeando, entre a ironia e a obsess\u00e3o, os signos das lutas passadas nas revoltas do presente.<\/p>\n","protected":false},"excerpt":{"rendered":"<p>A rela\u00e7\u00e3o entre as hist\u00f3rias humana, dos conceitos e da paisagem (e sua representa\u00e7\u00e3o) \u00e9 de continuidade, mas tamb\u00e9m de tens\u00f5es e rupturas. Em Naturales Historiae, temos o problema da representa\u00e7\u00e3o da natureza por rela\u00e7\u00e3o com diferentes momentos da hist\u00f3ria, atrav\u00e9s de imagens e de reflex\u00f5es (de Bruno Latour, Philippe Descola e Jun Wang). Depois, <a href=\"https:\/\/www.doclisboa.org\/2019\/edicao-actual\/seccoes\/riscos\/historia-natural\/\" class=\"more-link\">&#8230;<\/a><\/p>\n","protected":false},"author":1,"featured_media":0,"parent":143,"menu_order":7,"comment_status":"closed","ping_status":"closed","template":"page-seccao-sessoes.php","meta":{"_exactmetrics_skip_tracking":false,"_exactmetrics_sitenote_active":false,"_exactmetrics_sitenote_note":"","_exactmetrics_sitenote_category":0,"footnotes":""},"_links":{"self":[{"href":"https:\/\/www.doclisboa.org\/2019\/wp-json\/wp\/v2\/pages\/200751"}],"collection":[{"href":"https:\/\/www.doclisboa.org\/2019\/wp-json\/wp\/v2\/pages"}],"about":[{"href":"https:\/\/www.doclisboa.org\/2019\/wp-json\/wp\/v2\/types\/page"}],"author":[{"embeddable":true,"href":"https:\/\/www.doclisboa.org\/2019\/wp-json\/wp\/v2\/users\/1"}],"replies":[{"embeddable":true,"href":"https:\/\/www.doclisboa.org\/2019\/wp-json\/wp\/v2\/comments?post=200751"}],"version-history":[{"count":0,"href":"https:\/\/www.doclisboa.org\/2019\/wp-json\/wp\/v2\/pages\/200751\/revisions"}],"up":[{"embeddable":true,"href":"https:\/\/www.doclisboa.org\/2019\/wp-json\/wp\/v2\/pages\/143"}],"wp:attachment":[{"href":"https:\/\/www.doclisboa.org\/2019\/wp-json\/wp\/v2\/media?parent=200751"}],"curies":[{"name":"wp","href":"https:\/\/api.w.org\/{rel}","templated":true}]}}