{"id":139,"date":"2018-09-13T23:58:16","date_gmt":"2018-09-13T23:58:16","guid":{"rendered":"http:\/\/localhost\/doc1000\/?page_id=139"},"modified":"2019-09-30T22:10:25","modified_gmt":"2019-09-30T22:10:25","slug":"competicao-portuguesa","status":"publish","type":"page","link":"https:\/\/www.doclisboa.org\/2019\/edicao-actual\/seccoes\/competicao-portuguesa\/","title":{"rendered":"Competi\u00e7\u00e3o Portuguesa"},"content":{"rendered":"<p>11 filmes que s\u00e3o gestos de liberdade, para al\u00e9m de quaisquer categoriza\u00e7\u00f5es. Do \u00edntimo ao c\u00f3smico, da poesia \u00e0 bruxaria, da revolu\u00e7\u00e3o ao amor.<\/p>\n","protected":false},"excerpt":{"rendered":"<p>11 filmes que s\u00e3o gestos de liberdade, para al\u00e9m de quaisquer categoriza\u00e7\u00f5es. Do \u00edntimo ao c\u00f3smico, da poesia \u00e0 bruxaria, da revolu\u00e7\u00e3o ao amor.<\/p>\n","protected":false},"author":1,"featured_media":0,"parent":122,"menu_order":4,"comment_status":"closed","ping_status":"closed","template":"page-seccao.php","meta":{"_exactmetrics_skip_tracking":false,"_exactmetrics_sitenote_active":false,"_exactmetrics_sitenote_note":"","_exactmetrics_sitenote_category":0,"footnotes":""},"_links":{"self":[{"href":"https:\/\/www.doclisboa.org\/2019\/wp-json\/wp\/v2\/pages\/139"}],"collection":[{"href":"https:\/\/www.doclisboa.org\/2019\/wp-json\/wp\/v2\/pages"}],"about":[{"href":"https:\/\/www.doclisboa.org\/2019\/wp-json\/wp\/v2\/types\/page"}],"author":[{"embeddable":true,"href":"https:\/\/www.doclisboa.org\/2019\/wp-json\/wp\/v2\/users\/1"}],"replies":[{"embeddable":true,"href":"https:\/\/www.doclisboa.org\/2019\/wp-json\/wp\/v2\/comments?post=139"}],"version-history":[{"count":0,"href":"https:\/\/www.doclisboa.org\/2019\/wp-json\/wp\/v2\/pages\/139\/revisions"}],"up":[{"embeddable":true,"href":"https:\/\/www.doclisboa.org\/2019\/wp-json\/wp\/v2\/pages\/122"}],"wp:attachment":[{"href":"https:\/\/www.doclisboa.org\/2019\/wp-json\/wp\/v2\/media?parent=139"}],"curies":[{"name":"wp","href":"https:\/\/api.w.org\/{rel}","templated":true}]}}