{"id":2621,"date":"2017-10-04T13:45:08","date_gmt":"2017-10-04T13:45:08","guid":{"rendered":"http:\/\/www.doclisboa.org\/2017\/?page_id=2621"},"modified":"2017-11-24T21:00:42","modified_gmt":"2017-11-24T21:00:42","slug":"edicao-2017","status":"publish","type":"page","link":"https:\/\/www.doclisboa.org\/2017\/arche-doclisboa\/edicao-2017\/","title":{"rendered":"Edi\u00e7\u00e3o 2017"},"content":{"rendered":"<p>No terceiro ano do Arch\u00e9, s\u00e3o v\u00e1rias as transforma\u00e7\u00f5es importantes a assinalar, fruto do seu crescimento e solidez. Para al\u00e9m de portugueses e espanh\u00f3is, o Arch\u00e9 acolhe este ano projectos oriundos de pa\u00edses da Am\u00e9rica Latina e de l\u00edngua oficial portuguesa. Quis\u00e9mos criar um lugar privilegiado de encontro, forma\u00e7\u00e3o e partilha dirigido a artistas, produtores e outros agentes culturais, compatibilizar meios e estruturas de produ\u00e7\u00e3o, aproximar geografias cinematogr\u00e1ficas e incentivar e promover redes de cria\u00e7\u00e3o, de di\u00e1logo e de colabora\u00e7\u00e3o neste universo de pa\u00edses.<\/p>\n<p>&nbsp;<\/p>\n<p>Assinalamos a parceria com a <a href=\"https:\/\/bienal.buenosaires.gob.ar\/\" rel=\"noopener\" target=\"_blank\">Bienal de Arte Joven de Buenos Aires<\/a>, na qual a participa\u00e7\u00e3o no Arch\u00e9 \u00e9 um dos pr\u00e9mios atribu\u00eddos a um dos bienalistas. O vencedor integrar\u00e1 o Arch\u00e9 2017, estar\u00e1 em resid\u00eancia art\u00edstica durante o m\u00eas de Novembro no Hangar, em Lisboa, partindo, depois, para o MRG\/WORK, laborat\u00f3rio do festival espanhol M\u00e1rgenes, parceiro do Arch\u00e9 desde a sua primeira edi\u00e7\u00e3o.<\/p>\n<p>&nbsp;<\/p>\n<p>Pela primeira vez, o Arch\u00e9 apresenta dois pr\u00e9mios, a atribuir por um j\u00fari, para dois projectos em fases de pr\u00e9 e p\u00f3s produ\u00e7\u00e3o, com o objectivo de estimular e fomentar a cria\u00e7\u00e3o e impulsionar projectos em fase final de montagem.<br \/>\nAssinalamos, ainda, a cria\u00e7\u00e3o de duas novas Oficinas: uma terceira no contexto do Doclisboa, coordenada por Laura Huertas Mill\u00e1n, e uma oficina no Porto, em colabora\u00e7\u00e3o com o Porto\/Post\/Doc, tutorada pelo realizador Andr\u00e9s Duque. Ambas se destinam a projectos em fases diferentes de desenvolvimento.<\/p>\n<p>&nbsp;<\/p>\n<p>&nbsp;<\/p>\n<p>O Dossier do Arch\u00e9 pode ser consultado <a href=\"http:\/\/www.doclisboa.org\/2017\/wp-content\/uploads\/2017\/10\/Dossier-Arch\u00e9.pdf\" rel=\"noopener\" target=\"_blank\">aqui<\/a>.<\/p>\n","protected":false},"excerpt":{"rendered":"<p>No terceiro ano do Arch\u00e9, s\u00e3o v\u00e1rias as transforma\u00e7\u00f5es importantes a assinalar, fruto do seu crescimento e solidez. Para al\u00e9m de portugueses e espanh\u00f3is, o Arch\u00e9 acolhe este ano projectos oriundos de pa\u00edses da Am\u00e9rica Latina e de l\u00edngua oficial portuguesa. Quis\u00e9mos criar um lugar privilegiado de encontro, forma\u00e7\u00e3o e partilha dirigido a artistas, produtores [&hellip;]<\/p>\n","protected":false},"author":1,"featured_media":0,"parent":2205,"menu_order":0,"comment_status":"closed","ping_status":"closed","template":"page-arche-edicao-2017.php","meta":{"_exactmetrics_skip_tracking":false,"_exactmetrics_sitenote_active":false,"_exactmetrics_sitenote_note":"","_exactmetrics_sitenote_category":0,"footnotes":""},"class_list":["post-2621","page","type-page","status-publish","hentry"],"acf":[],"yoast_head":"<!-- This site is optimized with the Yoast SEO plugin v21.4 - https:\/\/yoast.com\/wordpress\/plugins\/seo\/ -->\n<title>Edi\u00e7\u00e3o 2017 - Doclisboa 2017<\/title>\n<meta name=\"robots\" content=\"index, follow, max-snippet:-1, max-image-preview:large, max-video-preview:-1\" \/>\n<link rel=\"canonical\" href=\"https:\/\/www.doclisboa.org\/2017\/arche-doclisboa\/edicao-2017\/\" \/>\n<meta property=\"og:locale\" content=\"en_US\" \/>\n<meta property=\"og:type\" content=\"article\" \/>\n<meta property=\"og:title\" content=\"Edi\u00e7\u00e3o 2017 - Doclisboa 2017\" \/>\n<meta property=\"og:description\" content=\"No terceiro ano do Arch\u00e9, s\u00e3o v\u00e1rias as transforma\u00e7\u00f5es importantes a assinalar, fruto do seu crescimento e solidez. Para al\u00e9m de portugueses e espanh\u00f3is, o Arch\u00e9 acolhe este ano projectos oriundos de pa\u00edses da Am\u00e9rica Latina e de l\u00edngua oficial portuguesa. Quis\u00e9mos criar um lugar privilegiado de encontro, forma\u00e7\u00e3o e partilha dirigido a artistas, produtores [&hellip;]\" \/>\n<meta property=\"og:url\" content=\"https:\/\/www.doclisboa.org\/2017\/arche-doclisboa\/edicao-2017\/\" \/>\n<meta property=\"og:site_name\" content=\"Doclisboa 2017\" \/>\n<meta property=\"article:modified_time\" content=\"2017-11-24T21:00:42+00:00\" \/>\n<meta property=\"og:image\" content=\"http:\/\/www.doclisboa.org\/2017\/imagem_defeito\/default_image_doclisboa.jpg\" \/>\n<meta name=\"twitter:card\" content=\"summary_large_image\" \/>\n<meta name=\"twitter:label1\" content=\"Est. reading time\" \/>\n\t<meta name=\"twitter:data1\" content=\"1 minute\" \/>\n<script type=\"application\/ld+json\" class=\"yoast-schema-graph\">{\"@context\":\"https:\/\/schema.org\",\"@graph\":[{\"@type\":\"WebPage\",\"@id\":\"https:\/\/www.doclisboa.org\/2017\/arche-doclisboa\/edicao-2017\/\",\"url\":\"https:\/\/www.doclisboa.org\/2017\/arche-doclisboa\/edicao-2017\/\",\"name\":\"Edi\u00e7\u00e3o 2017 - Doclisboa 2017\",\"isPartOf\":{\"@id\":\"https:\/\/www.doclisboa.org\/2017\/#website\"},\"datePublished\":\"2017-10-04T13:45:08+00:00\",\"dateModified\":\"2017-11-24T21:00:42+00:00\",\"breadcrumb\":{\"@id\":\"https:\/\/www.doclisboa.org\/2017\/arche-doclisboa\/edicao-2017\/#breadcrumb\"},\"inLanguage\":\"en-US\",\"potentialAction\":[{\"@type\":\"ReadAction\",\"target\":[\"https:\/\/www.doclisboa.org\/2017\/arche-doclisboa\/edicao-2017\/\"]}]},{\"@type\":\"BreadcrumbList\",\"@id\":\"https:\/\/www.doclisboa.org\/2017\/arche-doclisboa\/edicao-2017\/#breadcrumb\",\"itemListElement\":[{\"@type\":\"ListItem\",\"position\":1,\"name\":\"Home\",\"item\":\"https:\/\/www.doclisboa.org\/2017\/en\/\"},{\"@type\":\"ListItem\",\"position\":2,\"name\":\"Arche\",\"item\":\"https:\/\/www.doclisboa.org\/2017\/arche-doclisboa\/\"},{\"@type\":\"ListItem\",\"position\":3,\"name\":\"Edi\u00e7\u00e3o 2017\"}]},{\"@type\":\"WebSite\",\"@id\":\"https:\/\/www.doclisboa.org\/2017\/#website\",\"url\":\"https:\/\/www.doclisboa.org\/2017\/\",\"name\":\"Doclisboa 2017\",\"description\":\"15\u00ba Festival Internacional de Cinema \",\"potentialAction\":[{\"@type\":\"SearchAction\",\"target\":{\"@type\":\"EntryPoint\",\"urlTemplate\":\"https:\/\/www.doclisboa.org\/2017\/?s={search_term_string}\"},\"query-input\":\"required name=search_term_string\"}],\"inLanguage\":\"en-US\"}]}<\/script>\n<!-- \/ Yoast SEO plugin. -->","yoast_head_json":{"title":"Edi\u00e7\u00e3o 2017 - Doclisboa 2017","robots":{"index":"index","follow":"follow","max-snippet":"max-snippet:-1","max-image-preview":"max-image-preview:large","max-video-preview":"max-video-preview:-1"},"canonical":"https:\/\/www.doclisboa.org\/2017\/arche-doclisboa\/edicao-2017\/","og_locale":"en_US","og_type":"article","og_title":"Edi\u00e7\u00e3o 2017 - Doclisboa 2017","og_description":"No terceiro ano do Arch\u00e9, s\u00e3o v\u00e1rias as transforma\u00e7\u00f5es importantes a assinalar, fruto do seu crescimento e solidez. Para al\u00e9m de portugueses e espanh\u00f3is, o Arch\u00e9 acolhe este ano projectos oriundos de pa\u00edses da Am\u00e9rica Latina e de l\u00edngua oficial portuguesa. Quis\u00e9mos criar um lugar privilegiado de encontro, forma\u00e7\u00e3o e partilha dirigido a artistas, produtores [&hellip;]","og_url":"https:\/\/www.doclisboa.org\/2017\/arche-doclisboa\/edicao-2017\/","og_site_name":"Doclisboa 2017","article_modified_time":"2017-11-24T21:00:42+00:00","og_image":[{"url":"http:\/\/www.doclisboa.org\/2017\/imagem_defeito\/default_image_doclisboa.jpg"}],"twitter_card":"summary_large_image","twitter_misc":{"Est. reading time":"1 minute"},"schema":{"@context":"https:\/\/schema.org","@graph":[{"@type":"WebPage","@id":"https:\/\/www.doclisboa.org\/2017\/arche-doclisboa\/edicao-2017\/","url":"https:\/\/www.doclisboa.org\/2017\/arche-doclisboa\/edicao-2017\/","name":"Edi\u00e7\u00e3o 2017 - Doclisboa 2017","isPartOf":{"@id":"https:\/\/www.doclisboa.org\/2017\/#website"},"datePublished":"2017-10-04T13:45:08+00:00","dateModified":"2017-11-24T21:00:42+00:00","breadcrumb":{"@id":"https:\/\/www.doclisboa.org\/2017\/arche-doclisboa\/edicao-2017\/#breadcrumb"},"inLanguage":"en-US","potentialAction":[{"@type":"ReadAction","target":["https:\/\/www.doclisboa.org\/2017\/arche-doclisboa\/edicao-2017\/"]}]},{"@type":"BreadcrumbList","@id":"https:\/\/www.doclisboa.org\/2017\/arche-doclisboa\/edicao-2017\/#breadcrumb","itemListElement":[{"@type":"ListItem","position":1,"name":"Home","item":"https:\/\/www.doclisboa.org\/2017\/en\/"},{"@type":"ListItem","position":2,"name":"Arche","item":"https:\/\/www.doclisboa.org\/2017\/arche-doclisboa\/"},{"@type":"ListItem","position":3,"name":"Edi\u00e7\u00e3o 2017"}]},{"@type":"WebSite","@id":"https:\/\/www.doclisboa.org\/2017\/#website","url":"https:\/\/www.doclisboa.org\/2017\/","name":"Doclisboa 2017","description":"15\u00ba Festival Internacional de Cinema ","potentialAction":[{"@type":"SearchAction","target":{"@type":"EntryPoint","urlTemplate":"https:\/\/www.doclisboa.org\/2017\/?s={search_term_string}"},"query-input":"required name=search_term_string"}],"inLanguage":"en-US"}]}},"_links":{"self":[{"href":"https:\/\/www.doclisboa.org\/2017\/wp-json\/wp\/v2\/pages\/2621","targetHints":{"allow":["GET"]}}],"collection":[{"href":"https:\/\/www.doclisboa.org\/2017\/wp-json\/wp\/v2\/pages"}],"about":[{"href":"https:\/\/www.doclisboa.org\/2017\/wp-json\/wp\/v2\/types\/page"}],"author":[{"embeddable":true,"href":"https:\/\/www.doclisboa.org\/2017\/wp-json\/wp\/v2\/users\/1"}],"replies":[{"embeddable":true,"href":"https:\/\/www.doclisboa.org\/2017\/wp-json\/wp\/v2\/comments?post=2621"}],"version-history":[{"count":8,"href":"https:\/\/www.doclisboa.org\/2017\/wp-json\/wp\/v2\/pages\/2621\/revisions"}],"predecessor-version":[{"id":3022,"href":"https:\/\/www.doclisboa.org\/2017\/wp-json\/wp\/v2\/pages\/2621\/revisions\/3022"}],"up":[{"embeddable":true,"href":"https:\/\/www.doclisboa.org\/2017\/wp-json\/wp\/v2\/pages\/2205"}],"wp:attachment":[{"href":"https:\/\/www.doclisboa.org\/2017\/wp-json\/wp\/v2\/media?parent=2621"}],"curies":[{"name":"wp","href":"https:\/\/api.w.org\/{rel}","templated":true}]}}

Edição 2017

<p>No terceiro ano do Arché, são várias as transformações importantes a assinalar, fruto do seu crescimento e solidez. Para além de portugueses e espanhóis, o Arché acolhe este ano projectos oriundos de países da América Latina e de língua oficial portuguesa. Quisémos criar um lugar privilegiado de encontro, formação e partilha dirigido a artistas, produtores e outros agentes culturais, compatibilizar meios e estruturas de produção, aproximar geografias cinematográficas e incentivar e promover redes de criação, de diálogo e de colaboração neste universo de países.</p>
<p>&nbsp;</p>
<p>Assinalamos a parceria com a <a href="https://bienal.buenosaires.gob.ar/" rel="noopener" target="_blank">Bienal de Arte Joven de Buenos Aires</a>, na qual a participação no Arché é um dos prémios atribuídos a um dos bienalistas. O vencedor integrará o Arché 2017, estará em residência artística durante o mês de Novembro no Hangar, em Lisboa, partindo, depois, para o MRG/WORK, laboratório do festival espanhol Márgenes, parceiro do Arché desde a sua primeira edição.</p>
<p>&nbsp;</p>
<p>Pela primeira vez, o Arché apresenta dois prémios, a atribuir por um júri, para dois projectos em fases de pré e pós produção, com o objectivo de estimular e fomentar a criação e impulsionar projectos em fase final de montagem.<br />
Assinalamos, ainda, a criação de duas novas Oficinas: uma terceira no contexto do Doclisboa, coordenada por Laura Huertas Millán, e uma oficina no Porto, em colaboração com o Porto/Post/Doc, tutorada pelo realizador Andrés Duque. Ambas se destinam a projectos em fases diferentes de desenvolvimento.</p>
<p>&nbsp;</p>
<p>&nbsp;</p>
<p>O Dossier do Arché pode ser consultado <a href="http://www.doclisboa.org/2017/wp-content/uploads/2017/10/Dossier-Arché.pdf" rel="noopener" target="_blank">aqui</a>.</p>

<p>No terceiro ano do Arché, são várias as transformações importantes a assinalar, fruto do seu crescimento e solidez. Para além de portugueses e espanhóis, o Arché acolhe este ano projectos oriundos de países da América Latina e de língua oficial portuguesa. Quisémos criar um lugar privilegiado de encontro, formação e partilha dirigido a artistas, produtores [&hellip;]</p>

<!-- This site is optimized with the Yoast SEO plugin v21.4 - https://yoast.com/wordpress/plugins/seo/ -->
<title>Edição 2017 - Doclisboa 2017</title>
<meta name="robots" content="index, follow, max-snippet:-1, max-image-preview:large, max-video-preview:-1" />
<link rel="canonical" href="https://www.doclisboa.org/2017/arche-doclisboa/edicao-2017/" />
<meta property="og:locale" content="en_US" />
<meta property="og:type" content="article" />
<meta property="og:title" content="Edição 2017 - Doclisboa 2017" />
<meta property="og:description" content="No terceiro ano do Arché, são várias as transformações importantes a assinalar, fruto do seu crescimento e solidez. Para além de portugueses e espanhóis, o Arché acolhe este ano projectos oriundos de países da América Latina e de língua oficial portuguesa. Quisémos criar um lugar privilegiado de encontro, formação e partilha dirigido a artistas, produtores [&hellip;]" />
<meta property="og:url" content="https://www.doclisboa.org/2017/arche-doclisboa/edicao-2017/" />
<meta property="og:site_name" content="Doclisboa 2017" />
<meta property="article:modified_time" content="2017-11-24T21:00:42+00:00" />
<meta property="og:image" content="http://www.doclisboa.org/2017/imagem_defeito/default_image_doclisboa.jpg" />
<meta name="twitter:card" content="summary_large_image" />
<meta name="twitter:label1" content="Est. reading time" />
	<meta name="twitter:data1" content="1 minute" />
<script type="application/ld+json" class="yoast-schema-graph">{"@context":"https://schema.org","@graph":[{"@type":"WebPage","@id":"https://www.doclisboa.org/2017/arche-doclisboa/edicao-2017/","url":"https://www.doclisboa.org/2017/arche-doclisboa/edicao-2017/","name":"Edição 2017 - Doclisboa 2017","isPartOf":{"@id":"https://www.doclisboa.org/2017/#website"},"datePublished":"2017-10-04T13:45:08+00:00","dateModified":"2017-11-24T21:00:42+00:00","breadcrumb":{"@id":"https://www.doclisboa.org/2017/arche-doclisboa/edicao-2017/#breadcrumb"},"inLanguage":"en-US","potentialAction":[{"@type":"ReadAction","target":["https://www.doclisboa.org/2017/arche-doclisboa/edicao-2017/"]}]},{"@type":"BreadcrumbList","@id":"https://www.doclisboa.org/2017/arche-doclisboa/edicao-2017/#breadcrumb","itemListElement":[{"@type":"ListItem","position":1,"name":"Home","item":"https://www.doclisboa.org/2017/en/"},{"@type":"ListItem","position":2,"name":"Arche","item":"https://www.doclisboa.org/2017/arche-doclisboa/"},{"@type":"ListItem","position":3,"name":"Edição 2017"}]},{"@type":"WebSite","@id":"https://www.doclisboa.org/2017/#website","url":"https://www.doclisboa.org/2017/","name":"Doclisboa 2017","description":"15º Festival Internacional de Cinema ","potentialAction":[{"@type":"SearchAction","target":{"@type":"EntryPoint","urlTemplate":"https://www.doclisboa.org/2017/?s={search_term_string}"},"query-input":"required name=search_term_string"}],"inLanguage":"en-US"}]}</script>
<!-- / Yoast SEO plugin. -->

Edição 2017 - Doclisboa 2017

No terceiro ano do Arché, são várias as transformações importantes a assinalar, fruto do seu crescimento e solidez. Para além de portugueses e espanhóis, o Arché acolhe este ano projectos oriundos de países da América Latina e de língua oficial portuguesa. Quisémos criar um lugar privilegiado de encontro, formação e partilha dirigido a artistas, produtores [&hellip;]

15º Festival Internacional de Cinema
