{"id":103,"date":"2017-09-16T11:19:24","date_gmt":"2017-09-16T11:19:24","guid":{"rendered":"http:\/\/www.doclisboa.org\/2017\/?page_id=103"},"modified":"2017-09-16T13:46:10","modified_gmt":"2017-09-16T13:46:10","slug":"doc-alliance","status":"publish","type":"page","link":"http:\/\/www.doclisboa.org\/2017\/doclisboa\/doc-alliance\/","title":{"rendered":"Doc Alliance"},"content":{"rendered":"<p>Sec\u00e7\u00e3o transversal a todos os festivais membros do projecto Doc Alliance que apresenta um programa de filmes nomeados \u00e0 selec\u00e7\u00e3o Doc Alliance, incluindo o vencedor do pr\u00e9mio Doc Alliance atribuido por um j\u00fari de cr\u00edticos internacionais.<\/p>\n<p>&nbsp;<\/p>\n<p>A Doc Alliance \u00e9 uma rede internacional, iniciativa de sete festivais de cinema documental europeus: Doclisboa (fazem parte da Doc Alliance os festivais CPH:DOX Copenhagen (Dinamarca), o DOK Lepizig (Alemanha), o FID Marseille (Fran\u00e7a), o Jihlava International Documentary Film Festival (Rep\u00fablica Checa), o Docs Agains Gravity (Pol\u00f3nia) e o Visions du R\u00e9el de Nyon (Su\u00ed\u00e7a).<\/p>\n","protected":false},"excerpt":{"rendered":"<p>Sec\u00e7\u00e3o transversal a todos os festivais membros do projecto Doc Alliance que apresenta um programa de filmes nomeados \u00e0 selec\u00e7\u00e3o Doc Alliance, incluindo o vencedor do pr\u00e9mio Doc Alliance atribuido por um j\u00fari de cr\u00edticos internacionais. &nbsp; A Doc Alliance \u00e9 uma rede internacional, iniciativa de sete festivais de cinema documental europeus: Doclisboa (fazem parte [&hellip;]<\/p>\n","protected":false},"author":1,"featured_media":0,"parent":97,"menu_order":0,"comment_status":"closed","ping_status":"closed","template":"","meta":{"_exactmetrics_skip_tracking":false,"_exactmetrics_sitenote_active":false,"_exactmetrics_sitenote_note":"","_exactmetrics_sitenote_category":0,"footnotes":""},"class_list":["post-103","page","type-page","status-publish","hentry"],"acf":[],"yoast_head":"<!-- This site is optimized with the Yoast SEO plugin v21.4 - https:\/\/yoast.com\/wordpress\/plugins\/seo\/ -->\n<title>Doc Alliance - Doclisboa 2017<\/title>\n<meta name=\"robots\" content=\"index, follow, max-snippet:-1, max-image-preview:large, max-video-preview:-1\" \/>\n<link rel=\"canonical\" href=\"http:\/\/www.doclisboa.org\/2017\/doclisboa\/doc-alliance\/\" \/>\n<meta property=\"og:locale\" content=\"en_US\" \/>\n<meta property=\"og:type\" content=\"article\" \/>\n<meta property=\"og:title\" content=\"Doc Alliance - Doclisboa 2017\" \/>\n<meta property=\"og:description\" content=\"Sec\u00e7\u00e3o transversal a todos os festivais membros do projecto Doc Alliance que apresenta um programa de filmes nomeados \u00e0 selec\u00e7\u00e3o Doc Alliance, incluindo o vencedor do pr\u00e9mio Doc Alliance atribuido por um j\u00fari de cr\u00edticos internacionais. &nbsp; A Doc Alliance \u00e9 uma rede internacional, iniciativa de sete festivais de cinema documental europeus: Doclisboa (fazem parte [&hellip;]\" \/>\n<meta property=\"og:url\" content=\"http:\/\/www.doclisboa.org\/2017\/doclisboa\/doc-alliance\/\" \/>\n<meta property=\"og:site_name\" content=\"Doclisboa 2017\" \/>\n<meta property=\"article:modified_time\" content=\"2017-09-16T13:46:10+00:00\" \/>\n<meta property=\"og:image\" content=\"http:\/\/www.doclisboa.org\/2017\/imagem_defeito\/default_image_doclisboa.jpg\" \/>\n<meta name=\"twitter:card\" content=\"summary_large_image\" \/>\n<meta name=\"twitter:label1\" content=\"Est. reading time\" \/>\n\t<meta name=\"twitter:data1\" content=\"1 minute\" \/>\n<script type=\"application\/ld+json\" class=\"yoast-schema-graph\">{\"@context\":\"https:\/\/schema.org\",\"@graph\":[{\"@type\":\"WebPage\",\"@id\":\"http:\/\/www.doclisboa.org\/2017\/doclisboa\/doc-alliance\/\",\"url\":\"http:\/\/www.doclisboa.org\/2017\/doclisboa\/doc-alliance\/\",\"name\":\"Doc Alliance - Doclisboa 2017\",\"isPartOf\":{\"@id\":\"http:\/\/www.doclisboa.org\/2017\/#website\"},\"datePublished\":\"2017-09-16T11:19:24+00:00\",\"dateModified\":\"2017-09-16T13:46:10+00:00\",\"breadcrumb\":{\"@id\":\"http:\/\/www.doclisboa.org\/2017\/doclisboa\/doc-alliance\/#breadcrumb\"},\"inLanguage\":\"en-US\",\"potentialAction\":[{\"@type\":\"ReadAction\",\"target\":[\"http:\/\/www.doclisboa.org\/2017\/doclisboa\/doc-alliance\/\"]}]},{\"@type\":\"BreadcrumbList\",\"@id\":\"http:\/\/www.doclisboa.org\/2017\/doclisboa\/doc-alliance\/#breadcrumb\",\"itemListElement\":[{\"@type\":\"ListItem\",\"position\":1,\"name\":\"Home\",\"item\":\"https:\/\/www.doclisboa.org\/2017\/\"},{\"@type\":\"ListItem\",\"position\":2,\"name\":\"Doclisboa\",\"item\":\"http:\/\/www.doclisboa.org\/2017\/doclisboa\/\"},{\"@type\":\"ListItem\",\"position\":3,\"name\":\"Doc Alliance\"}]},{\"@type\":\"WebSite\",\"@id\":\"http:\/\/www.doclisboa.org\/2017\/#website\",\"url\":\"http:\/\/www.doclisboa.org\/2017\/\",\"name\":\"Doclisboa 2017\",\"description\":\"15\u00ba Festival Internacional de Cinema \",\"potentialAction\":[{\"@type\":\"SearchAction\",\"target\":{\"@type\":\"EntryPoint\",\"urlTemplate\":\"http:\/\/www.doclisboa.org\/2017\/?s={search_term_string}\"},\"query-input\":\"required name=search_term_string\"}],\"inLanguage\":\"en-US\"}]}<\/script>\n<!-- \/ Yoast SEO plugin. -->","yoast_head_json":{"title":"Doc Alliance - Doclisboa 2017","robots":{"index":"index","follow":"follow","max-snippet":"max-snippet:-1","max-image-preview":"max-image-preview:large","max-video-preview":"max-video-preview:-1"},"canonical":"http:\/\/www.doclisboa.org\/2017\/doclisboa\/doc-alliance\/","og_locale":"en_US","og_type":"article","og_title":"Doc Alliance - Doclisboa 2017","og_description":"Sec\u00e7\u00e3o transversal a todos os festivais membros do projecto Doc Alliance que apresenta um programa de filmes nomeados \u00e0 selec\u00e7\u00e3o Doc Alliance, incluindo o vencedor do pr\u00e9mio Doc Alliance atribuido por um j\u00fari de cr\u00edticos internacionais. &nbsp; A Doc Alliance \u00e9 uma rede internacional, iniciativa de sete festivais de cinema documental europeus: Doclisboa (fazem parte [&hellip;]","og_url":"http:\/\/www.doclisboa.org\/2017\/doclisboa\/doc-alliance\/","og_site_name":"Doclisboa 2017","article_modified_time":"2017-09-16T13:46:10+00:00","og_image":[{"url":"http:\/\/www.doclisboa.org\/2017\/imagem_defeito\/default_image_doclisboa.jpg"}],"twitter_card":"summary_large_image","twitter_misc":{"Est. reading time":"1 minute"},"schema":{"@context":"https:\/\/schema.org","@graph":[{"@type":"WebPage","@id":"http:\/\/www.doclisboa.org\/2017\/doclisboa\/doc-alliance\/","url":"http:\/\/www.doclisboa.org\/2017\/doclisboa\/doc-alliance\/","name":"Doc Alliance - Doclisboa 2017","isPartOf":{"@id":"http:\/\/www.doclisboa.org\/2017\/#website"},"datePublished":"2017-09-16T11:19:24+00:00","dateModified":"2017-09-16T13:46:10+00:00","breadcrumb":{"@id":"http:\/\/www.doclisboa.org\/2017\/doclisboa\/doc-alliance\/#breadcrumb"},"inLanguage":"en-US","potentialAction":[{"@type":"ReadAction","target":["http:\/\/www.doclisboa.org\/2017\/doclisboa\/doc-alliance\/"]}]},{"@type":"BreadcrumbList","@id":"http:\/\/www.doclisboa.org\/2017\/doclisboa\/doc-alliance\/#breadcrumb","itemListElement":[{"@type":"ListItem","position":1,"name":"Home","item":"https:\/\/www.doclisboa.org\/2017\/"},{"@type":"ListItem","position":2,"name":"Doclisboa","item":"http:\/\/www.doclisboa.org\/2017\/doclisboa\/"},{"@type":"ListItem","position":3,"name":"Doc Alliance"}]},{"@type":"WebSite","@id":"http:\/\/www.doclisboa.org\/2017\/#website","url":"http:\/\/www.doclisboa.org\/2017\/","name":"Doclisboa 2017","description":"15\u00ba Festival Internacional de Cinema ","potentialAction":[{"@type":"SearchAction","target":{"@type":"EntryPoint","urlTemplate":"http:\/\/www.doclisboa.org\/2017\/?s={search_term_string}"},"query-input":"required name=search_term_string"}],"inLanguage":"en-US"}]}},"_links":{"self":[{"href":"http:\/\/www.doclisboa.org\/2017\/wp-json\/wp\/v2\/pages\/103","targetHints":{"allow":["GET"]}}],"collection":[{"href":"http:\/\/www.doclisboa.org\/2017\/wp-json\/wp\/v2\/pages"}],"about":[{"href":"http:\/\/www.doclisboa.org\/2017\/wp-json\/wp\/v2\/types\/page"}],"author":[{"embeddable":true,"href":"http:\/\/www.doclisboa.org\/2017\/wp-json\/wp\/v2\/users\/1"}],"replies":[{"embeddable":true,"href":"http:\/\/www.doclisboa.org\/2017\/wp-json\/wp\/v2\/comments?post=103"}],"version-history":[{"count":3,"href":"http:\/\/www.doclisboa.org\/2017\/wp-json\/wp\/v2\/pages\/103\/revisions"}],"predecessor-version":[{"id":226,"href":"http:\/\/www.doclisboa.org\/2017\/wp-json\/wp\/v2\/pages\/103\/revisions\/226"}],"up":[{"embeddable":true,"href":"http:\/\/www.doclisboa.org\/2017\/wp-json\/wp\/v2\/pages\/97"}],"wp:attachment":[{"href":"http:\/\/www.doclisboa.org\/2017\/wp-json\/wp\/v2\/media?parent=103"}],"curies":[{"name":"wp","href":"https:\/\/api.w.org\/{rel}","templated":true}]}}